{"id":168,"date":"2024-09-16T01:51:30","date_gmt":"2024-09-16T01:51:30","guid":{"rendered":"https:\/\/demo2wpopal.b-cdn.net\/nutreko\/?page_id=168"},"modified":"2025-10-23T11:46:10","modified_gmt":"2025-10-23T11:46:10","slug":"faq","status":"publish","type":"page","link":"https:\/\/applaka.net\/?page_id=168","title":{"rendered":"FAQ"},"content":{"rendered":"\t\t<div data-elementor-type=\"wp-page\" data-elementor-id=\"168\" class=\"elementor elementor-168\">\n\t\t\t\t<div class=\"elementor-element elementor-element-e90d56d e-flex e-con-boxed wpr-particle-no wpr-jarallax-no wpr-parallax-no wpr-sticky-section-no e-con e-parent\" data-id=\"e90d56d\" data-element_type=\"container\">\n\t\t\t\t\t<div class=\"e-con-inner\">\n\t\t\t\t<div class=\"elementor-element elementor-element-2124b47 elementor-widget elementor-widget-heading\" data-id=\"2124b47\" data-element_type=\"widget\" data-widget_type=\"heading.default\">\n\t\t\t\t\t<h3 class=\"elementor-heading-title elementor-size-default\">teslimat ve iade<\/h3>\t\t\t\t<\/div>\n\t\t\t\t<div class=\"elementor-element elementor-element-0d9262a elementor-widget elementor-widget-n-accordion\" data-id=\"0d9262a\" data-element_type=\"widget\" data-settings=\"{&quot;default_state&quot;:&quot;expanded&quot;,&quot;max_items_expended&quot;:&quot;one&quot;,&quot;n_accordion_animation_duration&quot;:{&quot;unit&quot;:&quot;ms&quot;,&quot;size&quot;:400,&quot;sizes&quot;:[]}}\" data-widget_type=\"nested-accordion.default\">\n\t\t\t\t\t\t\t<div class=\"e-n-accordion\" aria-label=\"Accordion. Open links with Enter or Space, close with Escape, and navigate with Arrow Keys\">\n\t\t\t\t\t\t<details id=\"e-n-accordion-item-1420\" class=\"e-n-accordion-item\" open>\n\t\t\t\t<summary class=\"e-n-accordion-item-title\" data-accordion-index=\"1\" tabindex=\"0\" aria-expanded=\"true\" aria-controls=\"e-n-accordion-item-1420\" >\n\t\t\t\t\t<span class='e-n-accordion-item-title-header'><div class=\"e-n-accordion-item-title-text\"> Sipari\u015fim ne kadar s\u00fcrede kargoya verilir? <\/div><\/span>\n\t\t\t\t\t\t\t<span class='e-n-accordion-item-title-icon'>\n\t\t\t<span class='e-opened' ><i aria-hidden=\"true\" class=\"nutreko-icon- nutreko-icon-minus\"><\/i><\/span>\n\t\t\t<span class='e-closed'><i aria-hidden=\"true\" class=\"nutreko-icon- nutreko-icon-plus\"><\/i><\/span>\n\t\t<\/span>\n\n\t\t\t\t\t\t<\/summary>\n\t\t\t\t<div role=\"region\" aria-labelledby=\"e-n-accordion-item-1420\" class=\"elementor-element elementor-element-a1933da e-con-full e-flex wpr-particle-no wpr-jarallax-no wpr-parallax-no wpr-sticky-section-no e-con e-child\" data-id=\"a1933da\" data-element_type=\"container\">\n\t\t\t\t<div class=\"elementor-element elementor-element-3a8b32f elementor-widget elementor-widget-text-editor\" data-id=\"3a8b32f\" data-element_type=\"widget\" data-widget_type=\"text-editor.default\">\n\t\t\t\t\t\t\t\t\t<p>T\u00fcm sipari\u015fler, \u00f6deme onay\u0131ndan sonra genellikle 1-3 i\u015f g\u00fcn\u00fc i\u00e7erisinde kargoya teslim edilir. Yo\u011fun d\u00f6nemlerde bu s\u00fcre k\u0131sa bir gecikmeyle de\u011fi\u015fiklik g\u00f6sterebilir.<\/p>\t\t\t\t\t\t\t\t<\/div>\n\t\t\t\t<\/div>\n\t\t\t\t\t<\/details>\n\t\t\t\t\t\t<details id=\"e-n-accordion-item-1421\" class=\"e-n-accordion-item\" >\n\t\t\t\t<summary class=\"e-n-accordion-item-title\" data-accordion-index=\"2\" tabindex=\"-1\" aria-expanded=\"false\" aria-controls=\"e-n-accordion-item-1421\" >\n\t\t\t\t\t<span class='e-n-accordion-item-title-header'><div class=\"e-n-accordion-item-title-text\"> Hangi kargo firmas\u0131yla g\u00f6nderim yap\u0131yorsunuz? <\/div><\/span>\n\t\t\t\t\t\t\t<span class='e-n-accordion-item-title-icon'>\n\t\t\t<span class='e-opened' ><i aria-hidden=\"true\" class=\"nutreko-icon- nutreko-icon-minus\"><\/i><\/span>\n\t\t\t<span class='e-closed'><i aria-hidden=\"true\" class=\"nutreko-icon- nutreko-icon-plus\"><\/i><\/span>\n\t\t<\/span>\n\n\t\t\t\t\t\t<\/summary>\n\t\t\t\t<div role=\"region\" aria-labelledby=\"e-n-accordion-item-1421\" class=\"elementor-element elementor-element-183b7b6 e-con-full e-flex wpr-particle-no wpr-jarallax-no wpr-parallax-no wpr-sticky-section-no e-con e-child\" data-id=\"183b7b6\" data-element_type=\"container\">\n\t\t\t\t<div class=\"elementor-element elementor-element-957ddec elementor-widget elementor-widget-text-editor\" data-id=\"957ddec\" data-element_type=\"widget\" data-widget_type=\"text-editor.default\">\n\t\t\t\t\t\t\t\t\t<p>Sipari\u015fler genellikle anla\u015fmal\u0131 oldu\u011fumuz kargo firmas\u0131 arac\u0131l\u0131\u011f\u0131yla g\u00f6nderilmektedir. Sipari\u015finiz kargoya verildi\u011finde, size takip numaran\u0131z SMS veya e-posta yoluyla iletilir.<\/p>\t\t\t\t\t\t\t\t<\/div>\n\t\t\t\t<\/div>\n\t\t\t\t\t<\/details>\n\t\t\t\t\t\t<details id=\"e-n-accordion-item-1422\" class=\"e-n-accordion-item\" >\n\t\t\t\t<summary class=\"e-n-accordion-item-title\" data-accordion-index=\"3\" tabindex=\"-1\" aria-expanded=\"false\" aria-controls=\"e-n-accordion-item-1422\" >\n\t\t\t\t\t<span class='e-n-accordion-item-title-header'><div class=\"e-n-accordion-item-title-text\"> \u00dcr\u00fcn\u00fc iade etmek istiyorum, ne yapmal\u0131y\u0131m? <\/div><\/span>\n\t\t\t\t\t\t\t<span class='e-n-accordion-item-title-icon'>\n\t\t\t<span class='e-opened' ><i aria-hidden=\"true\" class=\"nutreko-icon- nutreko-icon-minus\"><\/i><\/span>\n\t\t\t<span class='e-closed'><i aria-hidden=\"true\" class=\"nutreko-icon- nutreko-icon-plus\"><\/i><\/span>\n\t\t<\/span>\n\n\t\t\t\t\t\t<\/summary>\n\t\t\t\t<div role=\"region\" aria-labelledby=\"e-n-accordion-item-1422\" class=\"elementor-element elementor-element-256d4b3 e-con-full e-flex wpr-particle-no wpr-jarallax-no wpr-parallax-no wpr-sticky-section-no e-con e-child\" data-id=\"256d4b3\" data-element_type=\"container\">\n\t\t\t\t<div class=\"elementor-element elementor-element-bb66fb7 elementor-widget elementor-widget-text-editor\" data-id=\"bb66fb7\" data-element_type=\"widget\" data-widget_type=\"text-editor.default\">\n\t\t\t\t\t\t\t\t\t<p>\u0130ade talebinizi sipari\u015f numaran\u0131zla birlikte m\u00fc\u015fteri hizmetlerimize iletebilirsiniz. Size iade kargo kodu veya y\u00f6nlendirmesi yap\u0131lacakt\u0131r. \u00dcr\u00fcn\u00fc orijinal ambalaj\u0131 ve faturas\u0131yla birlikte g\u00f6ndermeniz gerekir.<\/p>\t\t\t\t\t\t\t\t<\/div>\n\t\t\t\t<\/div>\n\t\t\t\t\t<\/details>\n\t\t\t\t\t<\/div>\n\t\t\t\t\t<script type=\"application\/ld+json\">{\"@context\":\"https:\\\/\\\/schema.org\",\"@type\":\"FAQPage\",\"mainEntity\":[{\"@type\":\"Question\",\"name\":\"Sipari\\u015fim ne kadar s\\u00fcrede kargoya verilir?\",\"acceptedAnswer\":{\"@type\":\"Answer\",\"text\":\"\"}},{\"@type\":\"Question\",\"name\":\"Hangi kargo firmas\\u0131yla g\\u00f6nderim yap\\u0131yorsunuz?\",\"acceptedAnswer\":{\"@type\":\"Answer\",\"text\":\"\"}},{\"@type\":\"Question\",\"name\":\"\\u00dcr\\u00fcn\\u00fc iade etmek istiyorum, ne yapmal\\u0131y\\u0131m?\",\"acceptedAnswer\":{\"@type\":\"Answer\",\"text\":\"\"}}]}<\/script>\n\t\t\t\t\t\t\t<\/div>\n\t\t\t\t\t<\/div>\n\t\t\t\t<\/div>\n\t\t\t\t<\/div>\n\t\t","protected":false},"excerpt":{"rendered":"<p>teslimat ve iade Sipari\u015fim ne kadar s\u00fcrede kargoya verilir? T\u00fcm sipari\u015fler, \u00f6deme onay\u0131ndan sonra genellikle 1-3 i\u015f g\u00fcn\u00fc i\u00e7erisinde kargoya teslim edilir. Yo\u011fun d\u00f6nemlerde bu s\u00fcre k\u0131sa bir gecikmeyle de\u011fi\u015fiklik g\u00f6sterebilir. Hangi kargo firmas\u0131yla g\u00f6nderim yap\u0131yorsunuz? Sipari\u015fler genellikle anla\u015fmal\u0131 oldu\u011fumuz kargo firmas\u0131 arac\u0131l\u0131\u011f\u0131yla g\u00f6nderilmektedir. Sipari\u015finiz kargoya verildi\u011finde, size takip numaran\u0131z SMS veya e-posta yoluyla iletilir. \u00dcr\u00fcn\u00fc iade etmek istiyorum, ne yapmal\u0131y\u0131m? \u0130ade talebinizi sipari\u015f numaran\u0131zla birlikte m\u00fc\u015fteri hizmetlerimize iletebilirsiniz. Size iade kargo kodu veya y\u00f6nlendirmesi yap\u0131lacakt\u0131r. \u00dcr\u00fcn\u00fc orijinal ambalaj\u0131 ve faturas\u0131yla birlikte g\u00f6ndermeniz gerekir. T\u00fcm sipari\u015fler, \u00f6deme onay\u0131ndan sonra genellikle 1-3 i\u015f g\u00fcn\u00fc i\u00e7erisinde kargoya teslim edilir. Yo\u011fun d\u00f6nemlerde bu s\u00fcre k\u0131sa bir gecikmeyle de\u011fi\u015fiklik g\u00f6sterebilir. Sipari\u015fler genellikle anla\u015fmal\u0131 oldu\u011fumuz kargo firmas\u0131 arac\u0131l\u0131\u011f\u0131yla g\u00f6nderilmektedir. Sipari\u015finiz kargoya verildi\u011finde, size takip numaran\u0131z SMS veya e-posta yoluyla iletilir. \u0130ade talebinizi sipari\u015f numaran\u0131zla birlikte m\u00fc\u015fteri hizmetlerimize iletebilirsiniz. Size iade kargo kodu veya y\u00f6nlendirmesi yap\u0131lacakt\u0131r. \u00dcr\u00fcn\u00fc orijinal ambalaj\u0131 ve faturas\u0131yla birlikte g\u00f6ndermeniz gerekir.<\/p>\n","protected":false},"author":1,"featured_media":0,"parent":0,"menu_order":0,"comment_status":"closed","ping_status":"closed","template":"template-homepage.php","meta":{"footnotes":""},"class_list":["post-168","page","type-page","status-publish","hentry"],"_links":{"self":[{"href":"https:\/\/applaka.net\/index.php?rest_route=\/wp\/v2\/pages\/168","targetHints":{"allow":["GET"]}}],"collection":[{"href":"https:\/\/applaka.net\/index.php?rest_route=\/wp\/v2\/pages"}],"about":[{"href":"https:\/\/applaka.net\/index.php?rest_route=\/wp\/v2\/types\/page"}],"author":[{"embeddable":true,"href":"https:\/\/applaka.net\/index.php?rest_route=\/wp\/v2\/users\/1"}],"replies":[{"embeddable":true,"href":"https:\/\/applaka.net\/index.php?rest_route=%2Fwp%2Fv2%2Fcomments&post=168"}],"version-history":[{"count":6,"href":"https:\/\/applaka.net\/index.php?rest_route=\/wp\/v2\/pages\/168\/revisions"}],"predecessor-version":[{"id":5247,"href":"https:\/\/applaka.net\/index.php?rest_route=\/wp\/v2\/pages\/168\/revisions\/5247"}],"wp:attachment":[{"href":"https:\/\/applaka.net\/index.php?rest_route=%2Fwp%2Fv2%2Fmedia&parent=168"}],"curies":[{"name":"wp","href":"https:\/\/api.w.org\/{rel}","templated":true}]}}