{"id":50,"date":"2024-09-14T02:07:08","date_gmt":"2024-09-14T02:07:08","guid":{"rendered":"https:\/\/demo2wpopal.b-cdn.net\/nutreko\/my-account\/"},"modified":"2026-03-12T15:14:09","modified_gmt":"2026-03-12T15:14:09","slug":"my-account-2","status":"publish","type":"page","link":"https:\/\/applaka.net\/?page_id=50","title":{"rendered":"My account"},"content":{"rendered":"\t\t<div data-elementor-type=\"wp-page\" data-elementor-id=\"50\" class=\"elementor elementor-50\">\n\t\t\t\t<div class=\"elementor-element elementor-element-3d9f5326 e-con-full e-flex wpr-particle-no wpr-jarallax-no wpr-parallax-no wpr-sticky-section-no e-con e-parent\" data-id=\"3d9f5326\" data-element_type=\"container\">\n\t\t\t\t<div class=\"elementor-element elementor-element-0370c13 animated-fast elementor-widget__width-initial elementor-invisible elementor-widget elementor-widget-nutreko_animated-headline\" data-id=\"0370c13\" data-element_type=\"widget\" data-settings=\"{&quot;_animation&quot;:&quot;opal-move-up&quot;}\" data-widget_type=\"nutreko_animated-headline.default\">\n\t\t\t\t<div class=\"elementor-widget-container\">\n\t\t\t\t\t        <h2  class=\"elementor-headline\">\n                    <span class=\"elementor-headline-plain-text elementor-headline-text-wrapper\">\u0130LET\u0130\u015e\u0130M<\/span>\n                <span class=\"elementor-headline-dynamic-wrapper elementor-headline-text-wrapper\">\n        \t\t<\/span>\n                <\/h2>\n        \t\t\t\t<\/div>\n\t\t\t\t<\/div>\n\t\t\t\t<div class=\"elementor-element elementor-element-ba4063d animated-fast elementor-invisible elementor-widget elementor-widget-text-editor\" data-id=\"ba4063d\" data-element_type=\"widget\" data-settings=\"{&quot;_animation&quot;:&quot;opal-move-up&quot;}\" data-widget_type=\"text-editor.default\">\n\t\t\t\t\t\t\t\t\t<p data-start=\"155\" data-end=\"404\">M\u00fc\u015fteri memnuniyeti bizim i\u00e7in \u00f6nceliklidir. \u00dcr\u00fcnlerimiz, sipari\u015fleriniz veya hizmetlerimiz hakk\u0131nda her t\u00fcrl\u00fc soru, \u00f6neri ve talepleriniz i\u00e7in bizimle ileti\u015fime ge\u00e7ebilirsiniz.<br data-start=\"332\" data-end=\"335\" \/>Ekibimiz, sizden gelen t\u00fcm mesajlara en k\u0131sa s\u00fcrede d\u00f6n\u00fc\u015f yapacakt\u0131r.<\/p><p data-start=\"406\" data-end=\"581\"><strong data-start=\"406\" data-end=\"432\">\u0130leti\u015fim Bilgilerimiz:<\/strong><br data-start=\"459\" data-end=\"462\" \/>\ud83d\udce7 E-posta:info@applaka.net<br data-start=\"523\" data-end=\"526\" \/>\ud83d\udd53 \u00c7al\u0131\u015fma Saatleri: Pazartesi \u2013 Cuma \/ 09:00 \u2013 18:00<\/p><p data-start=\"583\" data-end=\"735\"><strong data-start=\"583\" data-end=\"594\">Destek:<\/strong><br data-start=\"594\" data-end=\"597\" \/>Sipari\u015f takibi, iade veya teknik destek talepleriniz i\u00e7in m\u00fc\u015fteri hizmetleri ekibimize info@applaka.net adresinden ula\u015fabilirsiniz.<\/p><p data-start=\"737\" data-end=\"855\"><strong data-start=\"737\" data-end=\"754\">Sosyal Medya:<\/strong><br data-start=\"754\" data-end=\"757\" \/>Bizi sosyal medya hesaplar\u0131m\u0131zdan da takip ederek kampanya ve duyurulardan haberdar olabilirsiniz.<\/p>\t\t\t\t\t\t\t\t<\/div>\n\t\t\t\t<\/div>\n\t\t\t\t<\/div>\n\t\t","protected":false},"excerpt":{"rendered":"<p>\u0130LET\u0130\u015e\u0130M M\u00fc\u015fteri memnuniyeti bizim i\u00e7in \u00f6nceliklidir. \u00dcr\u00fcnlerimiz, sipari\u015fleriniz veya hizmetlerimiz hakk\u0131nda her t\u00fcrl\u00fc soru, \u00f6neri ve talepleriniz i\u00e7in bizimle ileti\u015fime ge\u00e7ebilirsiniz.Ekibimiz, sizden gelen t\u00fcm mesajlara en k\u0131sa s\u00fcrede d\u00f6n\u00fc\u015f yapacakt\u0131r. \u0130leti\u015fim Bilgilerimiz:\ud83d\udce7 E-posta:info@applaka.net\ud83d\udd53 \u00c7al\u0131\u015fma Saatleri: Pazartesi \u2013 Cuma \/ 09:00 \u2013 18:00 Destek:Sipari\u015f takibi, iade veya teknik destek talepleriniz i\u00e7in m\u00fc\u015fteri hizmetleri ekibimize info@applaka.net adresinden ula\u015fabilirsiniz. Sosyal Medya:Bizi sosyal medya hesaplar\u0131m\u0131zdan da takip ederek kampanya ve duyurulardan haberdar olabilirsiniz.<\/p>\n","protected":false},"author":1,"featured_media":0,"parent":0,"menu_order":0,"comment_status":"closed","ping_status":"closed","template":"","meta":{"footnotes":""},"class_list":["post-50","page","type-page","status-publish","hentry"],"_links":{"self":[{"href":"https:\/\/applaka.net\/index.php?rest_route=\/wp\/v2\/pages\/50","targetHints":{"allow":["GET"]}}],"collection":[{"href":"https:\/\/applaka.net\/index.php?rest_route=\/wp\/v2\/pages"}],"about":[{"href":"https:\/\/applaka.net\/index.php?rest_route=\/wp\/v2\/types\/page"}],"author":[{"embeddable":true,"href":"https:\/\/applaka.net\/index.php?rest_route=\/wp\/v2\/users\/1"}],"replies":[{"embeddable":true,"href":"https:\/\/applaka.net\/index.php?rest_route=%2Fwp%2Fv2%2Fcomments&post=50"}],"version-history":[{"count":6,"href":"https:\/\/applaka.net\/index.php?rest_route=\/wp\/v2\/pages\/50\/revisions"}],"predecessor-version":[{"id":5469,"href":"https:\/\/applaka.net\/index.php?rest_route=\/wp\/v2\/pages\/50\/revisions\/5469"}],"wp:attachment":[{"href":"https:\/\/applaka.net\/index.php?rest_route=%2Fwp%2Fv2%2Fmedia&parent=50"}],"curies":[{"name":"wp","href":"https:\/\/api.w.org\/{rel}","templated":true}]}}